. Determine j(14).
148
Let z(d) = -d**3 - 13*d**2 - 18*d + 56. Determine z(-11).
12
Let b(k) = -k**2 + 99*k + 1222. Give b(-11).
12
Let z(i) = i**3 - 13*i**2 + 40*i - 3. What is z(4)?
13
Let v(a) = -a**2 - 63*a + 417. Calculate v(6).
3
Let f(q) = -114*q - 9224. Determine f(-81).
10
Let r(b) = -b**3 + 488*b**2 - 6633*b - 39. Calculate r(14).
3
Let j(m) = -132*m + 139. Calculate j(1).
7
Let u(z) = 348*z + 2940. What is u(-9)?
-192
Let z(r) = -r**3 + 17*r**2 + 36*r + 57. What is z(19)?
19
Let u(v) = -5*v**2 - 154*v + 16. What is u(-31)?
-15
Let c(o) = -156*o - 10900. What is c(-70)?
20
Let o(t) = t**2 + 112*t + 3091. Calculate o(-59).
-36
Let u(y) = 24*y**2 + 1965*y - 175. Give u(-82).
71
Let c(y) = y**3 - 8*y**2 + 6*y - 60. Give c(10).
200
Let q(n) = n**2 - 30*n - 1388. Calculate q(55).
-13
Let z(p) = 5*p**2 - 428*p - 1987. What is z(90)?
-7
Let t(m) = -m**2 + 44*m + 179. Give t(48).
-13
Let w(k) = 3*k. Calculate w(-27).
-81
Let z(b) = -b - 87. What is z(-20)?
-67
Let o(l) = l**2 - 37*l + 104. Determine o(35).
34
Let j(n) = 46*n - 2424. Give j(54).
60
Let r(h) = -3*h**2 + 17*h - 12. Give r(7).
-40
Let s(i) = -3*i**2 + 37*i + 2274. Give s(-22).
8
Let a(f) = -871*f - 20026. Determine a(-23).
7
Let m(p) = -3*p**2 - 173*p - 1654. Determine m(-11).
-114
Let k(s) = 18*s + 1017. What is k(-55)?
27
Let o(b) = -6*b - 60. Give o(-13).
18
Let y(o) = o**3 - 147*o**2 + 433*o - 266. What is y(144)?
-122
Let n(g) = 200*g + 631. What is n(-4)?
-169
Let x(j) = 3*j**3 - 373*j**2 + 124*j + 1. Give x(124).
1
Let t(o) = -7*o - 521. Calculate t(-47).
-192
Let f(y) = -2*y**2 - 44*y + 1678. Give f(-42).
-2
Let t(d) = -137*d - 22469. What is t(-164)?
-1
Let g(h) = -120*h**2 + 1434*h + 74. Determine g(12).
2
Let c(x) = 7*x**2 + 141*x + 530. Calculate c(-5).
0
Let y(n) = 375*n**2 - 6*n - 4. What is y(-1)?
377
Let x(r) = -35*r - 597. Determine x(-16).
-37
Let a(l) = -21*l**2 + 4*l + 7. Give a(-1).
-18
Let s(h) = 5*h**2 - 297*h - 490. Determine s(61).
-2
Let x(t) = -2*t - 42. Give x(-35).
28
Let k(j) = -j**3 - 6*j**2 - 29*j - 102. Give k(-4).
-18
Let r(m) = m**3 + 17*m**2 + 65*m - 3. Give r(-12).
-63
Let f(w) = -w**3 - 44*w**2 + 2*w + 94. Give f(-44).
6
Let g(t) = -209*t**2 - 1882*t - 3. Calculate g(-9).
6
Let a(y) = 10*y**2 + 654*y + 378. What is a(-65)?
118
Let w(s) = -3*s**2 + 72*s + 1. Calculate w(26).
-155
Let v(f) = -f**2 + 99*f - 1452. What is v(77)?
242
Let r(y) = 156*y + 4856. Give r(-31).
20
Let x(w) = 148*w - 599. Give x(5).
141
Let z(k) = -k**2 + 23*k + 1720. Give z(-32).
-40
Let g(l) = -41*l**2 + 2742*l + 325. Calculate g(67).
-10
Let m(f) = -f**2 - 364*f + 1855. Determine m(5).
10
Let o(q) = -135*q - 1399. Determine o(-9).
-184
Let k(b) = 3*b**3 - 108*b**2 + 41. Determine k(36).
41
Let h(q) = 258*q - 49. Determine h(1).
209
Let h(c) = c**2 + 21*c + 70. Determine h(-15).
-20
Let y(n) = 308*n + 6774. Determine y(-22).
-2
Let r(m) = 2*m**3 - 21*m**2 - 79*m + 497. Determine r(7).
-399
Let g(o) = 9*o**2 - 54*o + 4. Determine g(5).
-41
Let n(y) = 151*y + 666. What is n(-10)?
-844
Let j(w) = 853*w - 37535. Give j(44).
-3
Let l(x) = -16*x + 347. Calculate l(15).
107
Let z(d) = -10*d**2 - 31*d + 198. Determine z(6).
-348
Let y(s) = 6*s**2 - 67*s + 69. Give y(10).
-1
Let u(n) = -n**2 - 371*n + 3040. Calculate u(8).
8
Let j(r) = -r**2 - 16*r + 609. Calculate j(18).
-3
Let u(s) = s**3 + 11*s**2 - 27*s + 45. Calculate u(-13).
58
Let i(x) = 9*x**2 - 39*x + 44. Determine i(4).
32
Let l(j) = 124*j + 630. Give l(-5).
10
Let c(a) = -217*a**2 - 3*a - 3. Determine c(-1).
-217
Let x(j) = -3*j**2 + 120*j + 119. What is x(-1)?
-4
Let b(w) = 238*w - 2601. What is b(11)?
17
Let m(l) = l**3 + 166*l**2 + 5367*l - 118. Determine m(-122).
4
Let f(p) = 95*p - 13566. Give f(143).
19
Let r(s) = 296*s + 48. What is r(0)?
48
Let h(v) = 3*v - 69. What is h(29)?
18
Let k(p) = -2*p**2 - 66*p - 52. Determine k(-32).
12
Let u(z) = -47*z - 1697. Determine u(-37).
42
Let g(w) = -5*w**2 - 125*w + 4460. What is g(20)?
-40
Let j(r) = 89*r - 5538. Calculate j(62).
-20
Let s(v) = 16*v + 724. What is s(-47)?
-28
Let g(n) = n**2 + 63*n + 286. Determine g(-5).
-4
Let k(c) = 6*c**2 + 7*c - 47. Determine k(8).
393
Let i(v) = -177*v + 3278. Calculate i(19).
-85
Let w(l) = -67*l**2 + 508*l - 6. What is w(7)?
267
Let l(d) = d**3 + 3*d**2 + 13*d + 20. Calculate l(-4).
-48
Let z(l) = 5*l**3 - 3*l**2 + 14*l - 30. Determine z(3).
120
Let u(q) = 9*q - 281. Calculate u(35).
34
Let t(k) = -230*k**2 + 13*k - 4. Give t(1).
-221
Let v(k) = -2*k**3 + 17*k**2 - 4*k - 25. Give v(5).
130
Let r(i) = 32*i + 242. What is r(-8)?
-14
Let z(i) = -90*i - 3779. Give z(-42).
1
Let r(h) = 2*h**2 + 266*h + 7055. Determine r(-37).
-49
Let u(o) = o**3 - 19*o**2 + 33*o + 23. Calculate u(16).
-217
Let b(v) = -157*v - 213. What is b(-4)?
415
Let j(h) = h**3 - 12*h**2 + 85*h - 294. Give j(6).
0
Let d(q) = 1758*q - 14082. Calculate d(8).
-18
Let j(o) = -2*o**2 - 4*o + 63. Determine j(-7).
-7
Let i(d) = -d**3 - 65*d**2 + 52*d - 964. What is i(-66)?
-40
Let f(i) = i**3 - 37*i**2 - 46*i + 164. What is f(38)?
-140
Let o(h) = -17*h - 280. What is o(-16)?
-8
Let q(l) = 4*l**3 + 44*l**2 - 8*l - 90. Give q(-11).
-2
Let c(b) = 28*b - 340. Calculate c(12).
-4
Let z(l) = l**3 - 3*l**2 - 326*l - 279. Give z(20).
1
Let m(h) = 693*h + 7667. What is m(-11)?
44
Let r(q) = -q**2 + 289*q - 2784. Give r(10).
6
Let y(j) = -j**3 + 85*j**2 - 1749*j - 50. What is y(50)?
0
Let t(m) = -2*m**3 - m**2 + 6*m + 22. Calculate t(0).
22
Let x(q) = -q**2 - 16*q + 35. What is x(8)?
-157
Let a(o) = -2*o**3 + 19*o**2 - 5*o - 41. What is a(9)?
-5
Let v(p) = -p**3 - 13*p**2 - 17*p - 20. Give v(-11).
-75
Let y(k) = k**2 - 39*k + 7. Calculate y(40).
47
Let y(i) = 1503*i - 6200. Calculate y(4).
-188
Let k(m) = 5841*m + 514014. Give k(-88).
6
Let b(a) = -a**2 - 100*a - 735. What is b(-8)?
1
Let j(n) = -n**3 + 8*n**2 - 6*n - 41. Give j(4).
-1
Let n(b) = -2*b**2 + 53*b - 402. Give n(17).
-79
Let n(x) = 4*x + 339. Determine n(-25).
239
Let d(b) = 2*b**2 - 2*b + 20. What is d(10)?
200
Let z(a) = -3*a**2 + 767*a - 3004. Determine z(4).
16
Let n(q) = -q**2 + 107*q + 567. Determine n(-5).
7
Let f(l) = -16*l + 544. What is f(34)?
0
Let s(a) = 436*a + 3503. What is s(-8)?
15
Let g(n) = 33*n**3 + n**2 + 4*n - 2. Calculate g(2).
274
Let u(i) = -305*i + 1043. Give u(3).
128
Let y(m) = -4097*m - 20483. Give y(-5).
2
Let k(x) = -6*x**2 + 177*x + 360. Calculate k(-2).
-18
Let a(x) = -3*x**2 - 752*x - 2999. Determine a(-4).
-39
Let g(x) = -1072*x - 1173. Calculate g(-1).
-101
Let x(r) = 62*r + 657. Give x(-9).
99
Let i(k) = 13176*k + 171277. Determine i(-13).
-11
Let s(y) = -y**3 + 36*y**2 - 69*y - 64. Calculate s(34).
-98
Let u(o) = 13*o**2 + 77*o + 35. Determine u(-7).
133
Let r(s) = s**2 - 12*s - 21. Give r(-5).
64
Let m(y) = 3*y + 86. What is m(-30)?
-4
Let q(t) = -2*t**3 + 130*t**2 - 128*t - 6. Give q(64).
-6
Let l(w) = -w**3 + 19*w**2 - 34*w + 19. What is l(17)?
19
Let v(c) = -339*c**3 + c**2 - 19*c + 17. What is v(1)?
-340
Let g(o) = -2*o**2 + 79*o - 120. Give g(38).
-6
Let c(y) = -415*y - 12882. Determine c(-31).
-17
Let y(s) = s**3 - 13*s**2 + 8*s + 162. Calculate y(11).
8
Let t(q) = 6*q**3 + 97*q**2 + 40*q + 4. What is t(-16)?
-380
Let g(x) = 2*x - 92. Give g(16).
-60
Let b(t) = t**3 + 26*t**2 - 27*t - 25. Determine b(-27).
-25
Let u(p) = -20*p**2 - 16. Give u(4).
-336
Let i(m) = -2*m**3 - 166*m**2 - 4*m - 330. What is i(-83)?
2
Let z(k) = k**2 - 34*k - 225. Calculate z(39).
-30
Let t(q) = 350*q - 2113. Give t(6).
-13
Let m(p) = -7*p**2 + 95*p + 100. Determine m(15).
-50
Let y(s) = 9*s - 269. Calculate y(35).
46
Let d(s) = 993*s - 10908. Calculate d(11).
15
Let z(d) = -3*d - 361. What is z(4)?
-373
Let b(j) = j**3 - 49*j**2 + 253*j - 12. What is b(6)?
-42
Let u(b) = -b**3 + 27*b**2 + 447*b + 4. Determine u(-12).
256
Let k(w) = -w**3 + 18*w**2 + 59*w + 89. Determine k(21).
5
Let f(v) = -80*v + 353. Calculate f(4).
33
Let t(o) = 5*o**2 + 27*o + 65. Give t(-4).
37
Let c(u) = -80*u - 222. What is c(-3)?
18
Let n(r) = -218*r + 2036. Calculate n(9).
74
Let f(g) = -1555*g + 32648. What is f(21)?
-7
Let m(t) = 28*t**2 - 104*t + 11. Determine m(3).
-49
Let t(p) = 3*p**3 - p**2 + 7*p + 10. Determine t(-3).
-101
Let k(z) = -z**3 + 2*z**2 + 19*z - 37. Determine k(3).
11
Let q(g) = g**3 - 48*g**2 + 